{"id":1541,"date":"2020-08-03T10:34:23","date_gmt":"2020-08-03T08:34:23","guid":{"rendered":"https:\/\/cvdesignr.com\/blog\/?page_id=1541"},"modified":"2021-12-28T15:03:05","modified_gmt":"2021-12-28T14:03:05","slug":"metiers","status":"publish","type":"page","link":"https:\/\/cvdesignr.com\/blog\/metiers\/","title":{"rendered":"Les dossiers m\u00e9tiers"},"content":{"rendered":"\t<div class=\"cnvs-block-section cnvs-block-section-1596641259355 cnvs-block-section-layout-full cnvs-block-section-fullwidth\" >\n\t\t<div class=\"cnvs-block-section-outer\" style=\"\">\n\t\t\t<div class=\"cnvs-block-section-inner\">\n\t\t\t\t\n\n<div class=\"cnvs-block-section-content cnvs-block-section-content-1596641260941\" >\n\t<div class=\"cnvs-block-section-content-inner\">\n\t\t\n\n<h1 id=\"les-dossiers-metiers-de-cvdesignr\">Les dossiers m\u00e9tiers de CVDesignR<\/h1>\n\n\n\n<p>Vous recherchez un m\u00e9tier dans un secteur sp\u00e9cifique ? Connaissez le m\u00e9tier mais voulez en apprendre davantage pour faire un CV qui tapera dans l&#8217;oeil du recruteur ?<br>Vous \u00eates au bon endroit !<\/p>\n\n\n\n<p>Nous vous avons pr\u00e9par\u00e9 des dossiers m\u00e9tier pour vous donner un coup de pouce lors de la cr\u00e9ation de vos CV, qu&#8217;ils soient pour une recherche d&#8217;emploi ou pour postuler \u00e0 une formation.<\/p>\n\n\n\n<p>Retrouvez parmi nos sujets par secteur ou par poste, des conseils, des exemples et des mod\u00e8les doperont votre candidature. Vous \u00eates pr\u00eats ?<\/p>\n\n\t<\/div>\n<\/div>\n\n\t\t\t<\/div>\n\t\t<\/div>\n\t<\/div>\n\n\t\n\n\t<div class=\"cnvs-block-section cnvs-block-section-1585225624742 cnvs-block-section-layout-full cnvs-block-section-fullwidth cnvs-block-section-with-background-color\" >\n\t\t<div class=\"cnvs-block-section-outer\" style=\"\">\n\t\t\t<div class=\"cnvs-block-section-inner\">\n\t\t\t\t\n\n<div class=\"cnvs-block-section-content cnvs-block-section-content-1585225626225\" >\n\t<div class=\"cnvs-block-section-content-inner\">\n\t\t\n\n<div class=\"is-layout-flow wp-block-group\"><div class=\"wp-block-group__inner-container\">\t<div class=\"cnvs-block-posts cnvs-block-posts-1585225642203 cnvs-block-posts-layout-horizontal-type-4\" data-layout=\"horizontal-type-4\" data-min-height=\"\">\n\t\t<div class=\"cs-posts-area\" data-posts-area=\"\">\n\t\t\t<div class=\"cs-posts-area__outer\">\n\t\t\t\t<div class=\"cs-posts-area__main cs-block-posts-layout-horizontal-type-4 cs-display-column\">\n\t\t\t\t\t\n<article class=\"post-2675 page type-page status-publish has-post-thumbnail cs-entry cs-video-wrap\">\n\t<div class=\"cs-entry__outer\">\n\t\t\t\t\t<div class=\"cs-entry__inner cs-entry__thumbnail cs-entry__overlay cs-overlay-ratio cs-ratio-landscape\">\n\t\t\t\t<div class=\"cs-overlay-background cs-overlay-transparent\">\n\t\t\t\t\t<img width=\"800\" height=\"500\" src=\"https:\/\/cvdesignr.com\/blog\/wp-content\/uploads\/2021\/06\/charge-de-projet-raccordement-800x500.jpeg\" class=\"attachment-csco-medium size-csco-medium wp-post-image\" alt=\"Charg\u00e9 de projet raccordement\" decoding=\"async\" loading=\"lazy\" \/>\n\t\t\t\t\t\n\t\t\t\t\t\t\t\t\t<\/div>\n\t\t\t\t<a class=\"cs-overlay-link\" href=\"https:\/\/cvdesignr.com\/blog\/enedis\/alternance-charge-affaires-raccordement\/\"><\/a>\n\t\t\t<\/div>\n\t\t\t\n\t\t<div class=\"cs-entry__inner cs-entry__content\">\n\t\t\t<div class=\"cs-entry__category\"><\/div>\n\t\t\t\t<h2 class=\"cs-entry__title cs-entry__title-line\">\n\t\t\t\t\t<a href=\"https:\/\/cvdesignr.com\/blog\/enedis\/alternance-charge-affaires-raccordement\/\">A la recherche d&#8217;une alternance comme Charg\u00e9 d&#8217;affaires raccordement ?<\/a>\n\t\t\t<\/h2>\n\t\n\t\t\t\n\t\t\t<div class=\"cs-entry__post-meta\" ><div class=\"cs-meta-author\"><a class=\"cs-meta-author-inner url fn n\" href=\"https:\/\/cvdesignr.com\/blog\/auteur\/charlottecvdesignr-com\/\" title=\"Voir tous les articles de Charlotte O.\"><span class=\"cs-by\">par<\/span><span class=\"cs-author\">Charlotte O.<\/span><\/a><\/div><div class=\"cs-meta-date\">4 juin 2023<\/div><\/div>\t\t<\/div>\n\t<\/div>\n<\/article>\n\t\t\t\t<\/div>\n\t\t\t<\/div>\n\n\t\t\t\t\t<\/div>\n\t<\/div>\n\t<\/div><\/div>\n\n\t<\/div>\n<\/div>\n\n\t\t\t<\/div>\n\t\t<\/div>\n\t<\/div>\n\n\t\n\n\t<div class=\"cnvs-block-section cnvs-block-section-1588574718874 cnvs-block-section-layout-full cnvs-block-section-fullwidth\" >\n\t\t<div class=\"cnvs-block-section-outer\" style=\"\">\n\t\t\t<div class=\"cnvs-block-section-inner\">\n\t\t\t\t\n\n<div class=\"cnvs-block-section-content cnvs-block-section-content-1588574720093\" >\n\t<div class=\"cnvs-block-section-content-inner\">\n\t\t\n\n<div class=\"is-layout-flow wp-block-group\"><div class=\"wp-block-group__inner-container\">\n<h2 id=\"decouvrir-dautres-metiers\">D\u00e9couvrir d&#8217;autres m\u00e9tiers<\/h2>\n\n\n\t<div class=\"cnvs-block-posts cnvs-block-posts-1588572682558 cnvs-block-posts-layout-standard-type-3\" data-layout=\"standard-type-3\" data-min-height=\"\">\n\t\t<div class=\"cs-posts-area\" data-posts-area=\"\">\n\t\t\t<div class=\"cs-posts-area__outer\">\n\t\t\t\t<div class=\"cs-posts-area__main cs-block-posts-layout-standard-type-3\">\n\t\t\t\t\t\n<article class=\"post-1459 post type-post status-publish format-standard has-post-thumbnail category-metiers-secteurs category-cv cs-entry cs-video-wrap\">\n\t<div class=\"cs-entry__outer\">\n\t\t\t\t\t<div class=\"cs-entry__inner cs-entry__thumbnail cs-entry__overlay cs-overlay-ratio cs-ratio-landscape\" data-scheme=\"inverse\">\n\t\t\t\t<div class=\"cs-overlay-background\">\n\t\t\t\t\t<img width=\"260\" height=\"195\" src=\"https:\/\/cvdesignr.com\/blog\/wp-content\/uploads\/2020\/07\/comptable-comptabilite-260x195.png\" class=\"attachment-csco-thumbnail-small size-csco-thumbnail-small wp-post-image\" alt=\"\" decoding=\"async\" loading=\"lazy\" srcset=\"https:\/\/cvdesignr.com\/blog\/wp-content\/uploads\/2020\/07\/comptable-comptabilite-260x195.png 260w, https:\/\/cvdesignr.com\/blog\/wp-content\/uploads\/2020\/07\/comptable-comptabilite-300x225.png 300w, https:\/\/cvdesignr.com\/blog\/wp-content\/uploads\/2020\/07\/comptable-comptabilite-200x150.png 200w\" sizes=\"(max-width: 260px) 100vw, 260px\" \/>\n\t\t\t\t\t\n\t\t\t\t\t\t\t\t\t<\/div>\n\n\t\t\t\t<div class=\"cs-overlay-content\">\n\t\t\t\t\t\t\t\t\t\t\t<span class=\"cs-entry__read-more\">\n\t\t\t\t\t\t\tLire l&#039;article\t\t\t\t\t\t<\/span>\n\t\t\t\t\t\n\t\t\t\t\t\t\t\t\t<\/div>\n\n\t\t\t\t<a class=\"cs-overlay-link\" href=\"https:\/\/cvdesignr.com\/blog\/metiers-secteurs\/comptable-expert-comptabilite\/\"><\/a>\n\t\t\t<\/div>\n\t\t\n\t\t<div class=\"cs-entry__inner cs-entry__content\">\n\t\t\t\t<h2 class=\"cs-entry__title \">\n\t\t\t\t\t<a href=\"https:\/\/cvdesignr.com\/blog\/metiers-secteurs\/comptable-expert-comptabilite\/\">Un CV de comptable qui convainc 2 fois plus, comment faire ?<\/a>\n\t\t\t<\/h2>\n\t\n\t\t\t\n\t\t\t<div class=\"cs-entry__post-meta\" ><div class=\"cs-meta-category\"><ul class=\"post-categories\">\n\t<li><a href=\"https:\/\/cvdesignr.com\/blog\/metiers-secteurs\/\" rel=\"category tag\">M\u00e9tiers et secteurs<\/a><\/li>\n\t<li><a href=\"https:\/\/cvdesignr.com\/blog\/cv\/\" rel=\"category tag\">CV<\/a><\/li><\/ul><\/div><div class=\"cs-meta-author\"><a class=\"cs-meta-author-inner url fn n\" href=\"https:\/\/cvdesignr.com\/blog\/auteur\/valentincvdesignr-com\/\" title=\"Voir tous les articles de Valentin P.\"><span class=\"cs-by\">par<\/span><span class=\"cs-author\">Valentin P.<\/span><\/a><\/div><div class=\"cs-meta-date\">16 juin 2020<\/div><\/div>\t\t<\/div>\n\t<\/div>\n<\/article>\n\n<article class=\"post-1022 post type-post status-publish format-standard has-post-thumbnail category-cv category-metiers-secteurs tag-cv tag-employes-et-techniciens cs-entry cs-video-wrap\">\n\t<div class=\"cs-entry__outer\">\n\t\t\t\t\t<div class=\"cs-entry__inner cs-entry__thumbnail cs-entry__overlay cs-overlay-ratio cs-ratio-landscape\" data-scheme=\"inverse\">\n\t\t\t\t<div class=\"cs-overlay-background\">\n\t\t\t\t\t<img width=\"260\" height=\"195\" src=\"https:\/\/cvdesignr.com\/blog\/wp-content\/uploads\/2019\/10\/Plan-2-260x195.png\" class=\"attachment-csco-thumbnail-small size-csco-thumbnail-small wp-post-image\" alt=\"job infirmier\" decoding=\"async\" loading=\"lazy\" srcset=\"https:\/\/cvdesignr.com\/blog\/wp-content\/uploads\/2019\/10\/Plan-2-260x195.png 260w, https:\/\/cvdesignr.com\/blog\/wp-content\/uploads\/2019\/10\/Plan-2-300x225.png 300w, https:\/\/cvdesignr.com\/blog\/wp-content\/uploads\/2019\/10\/Plan-2-200x150.png 200w\" sizes=\"(max-width: 260px) 100vw, 260px\" \/>\n\t\t\t\t\t\n\t\t\t\t\t\t\t\t\t<\/div>\n\n\t\t\t\t<div class=\"cs-overlay-content\">\n\t\t\t\t\t\t\t\t\t\t\t<span class=\"cs-entry__read-more\">\n\t\t\t\t\t\t\tLire l&#039;article\t\t\t\t\t\t<\/span>\n\t\t\t\t\t\n\t\t\t\t\t\t\t\t\t<\/div>\n\n\t\t\t\t<a class=\"cs-overlay-link\" href=\"https:\/\/cvdesignr.com\/blog\/cv\/redaction-cv-special-infirmier\/\"><\/a>\n\t\t\t<\/div>\n\t\t\n\t\t<div class=\"cs-entry__inner cs-entry__content\">\n\t\t\t\t<h2 class=\"cs-entry__title \">\n\t\t\t\t\t<a href=\"https:\/\/cvdesignr.com\/blog\/cv\/redaction-cv-special-infirmier\/\">R\u00e9daction d&#8217;un CV infirmi\u00e8re ou infirmier<\/a>\n\t\t\t<\/h2>\n\t\n\t\t\t\n\t\t\t<div class=\"cs-entry__post-meta\" ><div class=\"cs-meta-category\"><ul class=\"post-categories\">\n\t<li><a href=\"https:\/\/cvdesignr.com\/blog\/cv\/\" rel=\"category tag\">CV<\/a><\/li>\n\t<li><a href=\"https:\/\/cvdesignr.com\/blog\/metiers-secteurs\/\" rel=\"category tag\">M\u00e9tiers et secteurs<\/a><\/li><\/ul><\/div><div class=\"cs-meta-author\"><a class=\"cs-meta-author-inner url fn n\" href=\"https:\/\/cvdesignr.com\/blog\/auteur\/charlottecvdesignr-com\/\" title=\"Voir tous les articles de Charlotte O.\"><span class=\"cs-by\">par<\/span><span class=\"cs-author\">Charlotte O.<\/span><\/a><\/div><div class=\"cs-meta-date\">17 octobre 2019<\/div><\/div>\t\t<\/div>\n\t<\/div>\n<\/article>\n\n<article class=\"post-921 post type-post status-publish format-standard has-post-thumbnail category-cv category-metiers-secteurs tag-cv cs-entry cs-video-wrap\">\n\t<div class=\"cs-entry__outer\">\n\t\t\t\t\t<div class=\"cs-entry__inner cs-entry__thumbnail cs-entry__overlay cs-overlay-ratio cs-ratio-landscape\" data-scheme=\"inverse\">\n\t\t\t\t<div class=\"cs-overlay-background\">\n\t\t\t\t\t<img width=\"260\" height=\"195\" src=\"https:\/\/cvdesignr.com\/blog\/wp-content\/uploads\/2019\/07\/Plan-de-travail-260x195.png\" class=\"attachment-csco-thumbnail-small size-csco-thumbnail-small wp-post-image\" alt=\"Redaction CV Gestionnaire de paie\" decoding=\"async\" loading=\"lazy\" srcset=\"https:\/\/cvdesignr.com\/blog\/wp-content\/uploads\/2019\/07\/Plan-de-travail-260x195.png 260w, https:\/\/cvdesignr.com\/blog\/wp-content\/uploads\/2019\/07\/Plan-de-travail-300x225.png 300w, https:\/\/cvdesignr.com\/blog\/wp-content\/uploads\/2019\/07\/Plan-de-travail-200x150.png 200w\" sizes=\"(max-width: 260px) 100vw, 260px\" \/>\n\t\t\t\t\t\n\t\t\t\t\t\t\t\t\t<\/div>\n\n\t\t\t\t<div class=\"cs-overlay-content\">\n\t\t\t\t\t\t\t\t\t\t\t<span class=\"cs-entry__read-more\">\n\t\t\t\t\t\t\tLire l&#039;article\t\t\t\t\t\t<\/span>\n\t\t\t\t\t\n\t\t\t\t\t\t\t\t\t<\/div>\n\n\t\t\t\t<a class=\"cs-overlay-link\" href=\"https:\/\/cvdesignr.com\/blog\/cv\/redaction-dun-cv-special-gestionnaire-de-paie\/\"><\/a>\n\t\t\t<\/div>\n\t\t\n\t\t<div class=\"cs-entry__inner cs-entry__content\">\n\t\t\t\t<h2 class=\"cs-entry__title \">\n\t\t\t\t\t<a href=\"https:\/\/cvdesignr.com\/blog\/cv\/redaction-dun-cv-special-gestionnaire-de-paie\/\">R\u00e9daction d&#8217;un CV, sp\u00e9cial Gestionnaire de paie<\/a>\n\t\t\t<\/h2>\n\t\n\t\t\t\n\t\t\t<div class=\"cs-entry__post-meta\" ><div class=\"cs-meta-category\"><ul class=\"post-categories\">\n\t<li><a href=\"https:\/\/cvdesignr.com\/blog\/cv\/\" rel=\"category tag\">CV<\/a><\/li>\n\t<li><a href=\"https:\/\/cvdesignr.com\/blog\/metiers-secteurs\/\" rel=\"category tag\">M\u00e9tiers et secteurs<\/a><\/li><\/ul><\/div><div class=\"cs-meta-author\"><a class=\"cs-meta-author-inner url fn n\" href=\"https:\/\/cvdesignr.com\/blog\/auteur\/charlottecvdesignr-com\/\" title=\"Voir tous les articles de Charlotte O.\"><span class=\"cs-by\">par<\/span><span class=\"cs-author\">Charlotte O.<\/span><\/a><\/div><div class=\"cs-meta-date\">18 ao\u00fbt 2019<\/div><\/div>\t\t<\/div>\n\t<\/div>\n<\/article>\n\n<article class=\"post-883 post type-post status-publish format-standard has-post-thumbnail category-cv category-metiers-secteurs tag-cadre tag-cv cs-entry cs-video-wrap\">\n\t<div class=\"cs-entry__outer\">\n\t\t\t\t\t<div class=\"cs-entry__inner cs-entry__thumbnail cs-entry__overlay cs-overlay-ratio cs-ratio-landscape\" data-scheme=\"inverse\">\n\t\t\t\t<div class=\"cs-overlay-background\">\n\t\t\t\t\t<img width=\"260\" height=\"195\" src=\"https:\/\/cvdesignr.com\/blog\/wp-content\/uploads\/2019\/07\/Photo-couv-controleur-financier-260x195.png\" class=\"attachment-csco-thumbnail-small size-csco-thumbnail-small wp-post-image\" alt=\"Bureau tableur\" decoding=\"async\" loading=\"lazy\" srcset=\"https:\/\/cvdesignr.com\/blog\/wp-content\/uploads\/2019\/07\/Photo-couv-controleur-financier-260x195.png 260w, https:\/\/cvdesignr.com\/blog\/wp-content\/uploads\/2019\/07\/Photo-couv-controleur-financier-300x225.png 300w, https:\/\/cvdesignr.com\/blog\/wp-content\/uploads\/2019\/07\/Photo-couv-controleur-financier-200x150.png 200w\" sizes=\"(max-width: 260px) 100vw, 260px\" \/>\n\t\t\t\t\t\n\t\t\t\t\t\t\t\t\t<\/div>\n\n\t\t\t\t<div class=\"cs-overlay-content\">\n\t\t\t\t\t\t\t\t\t\t\t<span class=\"cs-entry__read-more\">\n\t\t\t\t\t\t\tLire l&#039;article\t\t\t\t\t\t<\/span>\n\t\t\t\t\t\n\t\t\t\t\t\t\t\t\t<\/div>\n\n\t\t\t\t<a class=\"cs-overlay-link\" href=\"https:\/\/cvdesignr.com\/blog\/cv\/redaction-cv-special-controleur-financier\/\"><\/a>\n\t\t\t<\/div>\n\t\t\n\t\t<div class=\"cs-entry__inner cs-entry__content\">\n\t\t\t\t<h2 class=\"cs-entry__title \">\n\t\t\t\t\t<a href=\"https:\/\/cvdesignr.com\/blog\/cv\/redaction-cv-special-controleur-financier\/\">R\u00e9daction d&#8217;un CV, sp\u00e9cial Contr\u00f4leur Financier<\/a>\n\t\t\t<\/h2>\n\t\n\t\t\t\n\t\t\t<div class=\"cs-entry__post-meta\" ><div class=\"cs-meta-category\"><ul class=\"post-categories\">\n\t<li><a href=\"https:\/\/cvdesignr.com\/blog\/cv\/\" rel=\"category tag\">CV<\/a><\/li>\n\t<li><a href=\"https:\/\/cvdesignr.com\/blog\/metiers-secteurs\/\" rel=\"category tag\">M\u00e9tiers et secteurs<\/a><\/li><\/ul><\/div><div class=\"cs-meta-author\"><a class=\"cs-meta-author-inner url fn n\" href=\"https:\/\/cvdesignr.com\/blog\/auteur\/charlottecvdesignr-com\/\" title=\"Voir tous les articles de Charlotte O.\"><span class=\"cs-by\">par<\/span><span class=\"cs-author\">Charlotte O.<\/span><\/a><\/div><div class=\"cs-meta-date\">18 juillet 2019<\/div><\/div>\t\t<\/div>\n\t<\/div>\n<\/article>\n\t\t\t\t<\/div>\n\t\t\t<\/div>\n\n\t\t\t\t\t<\/div>\n\t<\/div>\n\t<\/div><\/div>\n\n\t<\/div>\n<\/div>\n\n\t\t\t<\/div>\n\t\t<\/div>\n\t<\/div>\n\n\t","protected":false},"excerpt":{"rendered":"","protected":false},"author":2,"featured_media":1701,"parent":0,"menu_order":0,"comment_status":"closed","ping_status":"closed","template":"template-canvas-fullwidth.php","meta":[],"coauthors":[47],"amp_enabled":true,"_links":{"self":[{"href":"https:\/\/cvdesignr.com\/blog\/wp-json\/wp\/v2\/pages\/1541"}],"collection":[{"href":"https:\/\/cvdesignr.com\/blog\/wp-json\/wp\/v2\/pages"}],"about":[{"href":"https:\/\/cvdesignr.com\/blog\/wp-json\/wp\/v2\/types\/page"}],"author":[{"embeddable":true,"href":"https:\/\/cvdesignr.com\/blog\/wp-json\/wp\/v2\/users\/2"}],"replies":[{"embeddable":true,"href":"https:\/\/cvdesignr.com\/blog\/wp-json\/wp\/v2\/comments?post=1541"}],"version-history":[{"count":10,"href":"https:\/\/cvdesignr.com\/blog\/wp-json\/wp\/v2\/pages\/1541\/revisions"}],"predecessor-version":[{"id":1650,"href":"https:\/\/cvdesignr.com\/blog\/wp-json\/wp\/v2\/pages\/1541\/revisions\/1650"}],"wp:featuredmedia":[{"embeddable":true,"href":"https:\/\/cvdesignr.com\/blog\/wp-json\/wp\/v2\/media\/1701"}],"wp:attachment":[{"href":"https:\/\/cvdesignr.com\/blog\/wp-json\/wp\/v2\/media?parent=1541"}],"wp:term":[{"taxonomy":"author","embeddable":true,"href":"https:\/\/cvdesignr.com\/blog\/wp-json\/wp\/v2\/coauthors?post=1541"}],"curies":[{"name":"wp","href":"https:\/\/api.w.org\/{rel}","templated":true}]}}